{"id":56,"date":"2022-08-11T18:37:00","date_gmt":"2022-08-11T18:37:00","guid":{"rendered":"https:\/\/liege.pirateparty.be\/site\/?page_id=56"},"modified":"2022-08-11T18:54:44","modified_gmt":"2022-08-11T18:54:44","slug":"contribuer","status":"publish","type":"page","link":"https:\/\/liege.pirateparty.be\/site\/contribuer\/","title":{"rendered":"Contribuer"},"content":{"rendered":"\n<p>Notre projet prend tout son sens avec vos contributions, aussi modestes soient-elles. N\u2019ayez donc pas peur et choisissez la fa\u00e7on de contribuer qui vous convient le mieux :<\/p>\n\n\n\n<ul><li>Participez \u00e0 nos r\u00e9unions. Celles-ci sont publiques, ouvertes, n\u2019importe qui peut y assister (tant qu\u2019il y a de la place et que le respect est de mise), n\u2019importe qui peut y participer activement (dans le respect des valeurs pirates). Retrouvez l\u2019agenda (et les comptes-rendus pr\u00e9c\u00e9dents) <a href=\"https:\/\/wiki.pirateparty.be\/Pirates_de_Li%C3%A8ge#R.C3.A9unions\">sur le wiki<\/a>.<\/li><li>Tenez-vous inform\u00e9s de nos activit\u00e9s<ul><li>en venant r\u00e9guli\u00e8rement sur ce site web<\/li><li>en vous abonnant <a href=\"https:\/\/liege.pirateparty.be\/site\/feed\/\">au flux RSS de nos articles<\/a><\/li><li>en suivant <a href=\"https:\/\/mastodon.pirateparty.be\/@liege\">notre compte dans le Fediverse<\/a> (ensemble de r\u00e9seaux sociaux libres)<\/li><\/ul><\/li><li>Faites passer l\u2019information autour de vous<\/li><li>Si vous avez des talents particuliers que vous pouvez mettre \u00e0 notre disposition (vous en avez, si si), <a href=\"mailto:liege@pirateparty.be\">contactez-nous \u00e0 ce sujet<\/a>, peut-\u00eatre \u00eates-vous la perle rare que nous recherchions.<\/li><\/ul>\n","protected":false},"excerpt":{"rendered":"<p>Notre projet prend tout son sens avec vos contributions, aussi modestes soient-elles. N\u2019ayez donc pas peur et choisissez la fa\u00e7on de contribuer qui vous convient le mieux : Participez \u00e0 nos r\u00e9unions. Celles-ci sont publiques, ouvertes, n\u2019importe qui peut y assister (tant qu\u2019il y a de la place et que le respect est de mise), &#8230; <a title=\"Contribuer\" class=\"read-more\" href=\"https:\/\/liege.pirateparty.be\/site\/contribuer\/\">Read more<span class=\"screen-reader-text\">Contribuer<\/span><\/a><\/p>\n","protected":false},"author":1,"featured_media":0,"parent":0,"menu_order":0,"comment_status":"closed","ping_status":"closed","template":"","meta":{"footnotes":""},"_links":{"self":[{"href":"https:\/\/liege.pirateparty.be\/site\/wp-json\/wp\/v2\/pages\/56"}],"collection":[{"href":"https:\/\/liege.pirateparty.be\/site\/wp-json\/wp\/v2\/pages"}],"about":[{"href":"https:\/\/liege.pirateparty.be\/site\/wp-json\/wp\/v2\/types\/page"}],"author":[{"embeddable":true,"href":"https:\/\/liege.pirateparty.be\/site\/wp-json\/wp\/v2\/users\/1"}],"replies":[{"embeddable":true,"href":"https:\/\/liege.pirateparty.be\/site\/wp-json\/wp\/v2\/comments?post=56"}],"version-history":[{"count":2,"href":"https:\/\/liege.pirateparty.be\/site\/wp-json\/wp\/v2\/pages\/56\/revisions"}],"predecessor-version":[{"id":70,"href":"https:\/\/liege.pirateparty.be\/site\/wp-json\/wp\/v2\/pages\/56\/revisions\/70"}],"wp:attachment":[{"href":"https:\/\/liege.pirateparty.be\/site\/wp-json\/wp\/v2\/media?parent=56"}],"curies":[{"name":"wp","href":"https:\/\/api.w.org\/{rel}","templated":true}]}}